 -3*o + 5*c + 95. Suppose -o = 3*i + 43. Let j = -16 - i. Does 3 divide j?
False
Suppose 0 = p - 4*j - 803, 13*p = 14*p - j - 794. Is p a multiple of 17?
False
Does 17 divide ((-4160)/48)/(1 + (-33)/27)?
False
Let w(r) = 4*r - 340. Let v(b) = b - 68. Let x(z) = -11*v(z) + 2*w(z). Is 17 a factor of x(0)?
True
Suppose -17*b + 3 = -14*b. Does 5 divide -2 - 0 - (b + -2 - 26)?
True
Let d be 1/((-1 - 0)/(-116)). Suppose d - 4 = 4*o. Let p = o + -24. Is p a multiple of 2?
True
Suppose 0 = -24*k - 5778 + 36882. Does 6 divide k?
True
Suppose 0 = -4*z + 3*z + 3. Suppose o + 2*m + z = 0, -o + 5*m = -0 - 4. Is 8 a factor of o*(-18 + -1) - 2?
False
Suppose -3*d = 2*r - 5040, -d = -r - 465 - 1215. Is d a multiple of 14?
True
Is ((-273)/9 - (-20)/(-12))*-32 a multiple of 16?
True
Let i(f) = 26*f - 6. Let n be i(3). Let c = 119 - n. Does 8 divide c?
False
Let r(n) = n**3 - 7*n**2 + n + 1. Let m be r(7). Suppose 0 = g - 0*g - m. Is 8 a factor of g?
True
Let f be 502/(-12) - 3/18. Let a be (-36)/(-14)*f/(-9). Let w = 10 + a. Is w a multiple of 22?
True
Let c(y) = 59*y**3 + y - 1. Let h be c(1). Let o = h + -47. Does 12 divide o?
True
Let v(t) = 2*t**2 + 14*t - 25. Is 43 a factor of v(-15)?
True
Let k(m) = -5*m - 25. Is k(-19) a multiple of 41?
False
Let g = 370 + -368. Let o = 219 + -143. Suppose -g*u + 4*f = -o, -f = -5*f + 12. Is u a multiple of 12?
False
Let v(k) = k + k**2 + 2 - 1 + 3*k + k**2. Let i be v(-5). Let l = -11 + i. Is 9 a factor of l?
False
Let s(q) = 7*q + 3. Let a(x) = 10*x + 4. Let v(z) = -5*a(z) + 7*s(z). Let p be v(0). Let c(b) = 12*b - 1. Does 6 divide c(p)?
False
Suppose 0 = -25*a + 6986 + 3589. Is 47 a factor of a?
True
Suppose 5*c + 4*k - 69 = 34, -5*c + 99 = 2*k. Suppose 5*u - 1 - c = 0. Suppose -m - 30 = -u*m. Is m even?
True
Let m = 22 - 19. Suppose -w - m = -4*w. Let t = 22 - w. Is t a multiple of 8?
False
Let k(q) = 4*q + 76. Is 4 a factor of k(13)?
True
Let w(z) = 106*z + 24. Is 14 a factor of w(4)?
True
Let p(t) = t**2 + 15*t + 47. Is 4 a factor of p(-19)?
False
Suppose 3*a - 4932 = -0*v - 3*v, v = -3*a + 1652. Is v a multiple of 8?
True
Suppose -16 = 3*x - 7*x. Suppose -5*i - 356 = -3*v, -2*v + 480 = 2*v - x*i. Is v a multiple of 28?
False
Suppose -3 - 57 = -4*v. Suppose 11*g = v*g - 160. Is g a multiple of 15?
False
Suppose -4*g - 784 - 1960 = -2*f, 3*g = -12. Does 103 divide f?
False
Suppose 8*x - 380 = 3*x. Suppose 0 = -4*l + 2*s + 2*s + x, -2*l + 3*s + 43 = 0. Does 2 divide l?
True
Suppose 3*r = v + 268, 0*v - 86 = -r + 2*v. Is 4 a factor of r?
False
Suppose -2*m = 0, 4*b + 5*m = 849 + 619. Is b a multiple of 17?
False
Let r = -55 - -66. Suppose r*v - 2300 = 120. Is v a multiple of 20?
True
Let p(b) = 99*b + 3. Let f(z) = -299*z - 10. Let m(a) = -6*f(a) - 17*p(a). Is 31 a factor of m(2)?
False
Suppose 4*t - 138 = t. Let h = -22 + t. Does 12 divide h?
True
Let z = -21 - 2. Let y(h) = h**2 + 23*h + 28. Is 4 a factor of y(z)?
True
Let w(t) be the second derivative of t**4/6 - t**3 - 3*t**2 + t. Is w(-3) a multiple of 18?
False
Let r(u) = 18*u + 8. Let v be r(9). Let h = v + -98. Is h a multiple of 20?
False
Let r = -59 + 603. Is r a multiple of 4?
True
Suppose 3*p - 111 = -3*j, 5*j + 7 + 0 = p. Let a(v) = v - 3. Let u be a(5). Let s = p - u. Is s a multiple of 15?
True
Let v(s) = 18*s**3 - 4*s**2 + 2*s + 1. Let r be v(2). Let i = -80 + r. Let f = -19 + i. Is 13 a factor of f?
False
Let v = -111 - -111. Suppose -13*u + 68 + 790 = v. Is 22 a factor of u?
True
Let k(z) = 12*z**2 + 12*z - 112. Is k(7) a multiple of 20?
True
Suppose 5*y - 2*w = y + 52, -2*y = 2*w - 26. Suppose 2*n - m = -y, 2*n + 4*m = -m - 7. Let v = 26 + n. Is v a multiple of 10?
True
Let v be 66/4*-3*8/(-6). Is (v/3)/(10/40) a multiple of 13?
False
Suppose -39*p + 11831 + 48190 = 0. Is 40 a factor of p?
False
Let n(t) = t**3 + 12*t**2 + t + 9. Let y be n(-12). Is 29 a factor of (-346)/y - 4/(-6)?
True
Let n = 32 + -14. Suppose 0 = 5*b - 4*m + 40, -5*b + 2*m = 30 - 0. Is 2 a factor of (n/b + 4)*-4?
True
Let p(d) = -d**3 - 3*d**2 + 3. Let m be p(-3). Suppose -m*o - w = o - 7, w + 9 = 4*o. Suppose -c + 4 = -5*c, 7 = o*l + 5*c. Does 3 divide l?
True
Let f(w) = w**3 + 17*w**2 + 5*w - 34. Let r = 52 + -68. Is f(r) a multiple of 22?
False
Suppose -5*n = -5*j + 190, j - 26 = -2*n - n. Suppose 2*h = 4*s - 0*s + 26, 0 = -4*h + 4*s + 36. Suppose j = h*q - 365. Is q a multiple of 15?
False
Let q(m) be the second derivative of m**3/2 + 3*m**2/2 - 7*m. Let o = -37 + 40. Does 6 divide q(o)?
True
Let u(h) = -41*h + 135. Does 12 divide u(-7)?
False
Let v(i) = i**2 - 4*i + 228. Is v(0) a multiple of 14?
False
Let f(j) = j**2 - 7*j - 6. Suppose -4*k = -18 - 14. Let x be f(k). Is x/(((-6)/13)/(-3)) a multiple of 13?
True
Let j be (4/(-14))/((-1)/7). Let m(r) = 2*r**3 + r**2. Let f be m(j). Is f + -3 + 0 - 1 a multiple of 16?
True
Let g(w) = w**3 + 5*w**2 - 7*w - 3. Let s be g(-6). Let x(m) = -m**3 + 9*m**2 - m - 1. Let z be x(7). Suppose 0 = -0*r - s*r + z. Does 10 divide r?
True
Suppose 56 = -c - 3*c. Does 24 divide 22/77 + (-1242)/c + 0?
False
Let w(k) = -k**3 + 10*k**2 + 36*k + 40. Is w(12) a multiple of 8?
True
Let d = -67 + 69. Suppose d*y - 220 = -3*y. Is y a multiple of 15?
False
Let l(m) = -115*m + 2. Let v be l(1). Let a = v + 179. Suppose -a + 18 = -4*z. Is z a multiple of 4?
True
Suppose f + 2*f + 36 = 0. Let o = 29 - f. Is o a multiple of 15?
False
Suppose 0 = -3*v + 4*q + 11, -2*q + 10 = v + 3*q. Suppose -v*f - 2*g = -g - 28, g + 17 = 4*f. Suppose -f*o = -2*d + 27, -o - 29 = -2*d - 6. Does 3 divide d?
False
Suppose 5*x - 2*s = 3*x + 98, -132 = -3*x - 2*s. Suppose f = 5 - 2. Suppose -f*d = g - 2, -5*g + 0*d + x = 3*d. Does 10 divide g?
False
Suppose 11*n - 8*n = 324. Is (6/18)/(2/n) a multiple of 16?
False
Let s = 12 + -19. Let m be (2 - 2)*(1 - 2). Let w = m - s. Is 2 a factor of w?
False
Is 27 a factor of 0 + 59 - (-15)/(-3)?
True
Let s(v) = -26*v + 407. Does 11 divide s(-33)?
True
Suppose 17 - 7 = -5*b. Let p be (-6)/(-4)*-29*b. Is 22 a factor of 1 + -3 + (p - -2)?
False
Let m(q) = q**3 + 30*q**2 + 34*q - 84. Does 8 divide m(-26)?
True
Let p(s) = -s - 35. Let v be p(0). Let m = -13 - v. Suppose -m - 70 = -4*f. Is 7 a factor of f?
False
Suppose -544*t = -532*t - 9924. Is 82 a factor of t?
False
Let w(r) = -r**2 + 12*r - 7. Let h be w(11). Suppose 0 = c - 1, -h*q - c = -128 - 401. Does 33 divide q?
True
Let b = 1208 - 724. Is b a multiple of 24?
False
Let j be (1/(-2))/(17/(-68)). Suppose -204 = -j*v + 94. Is v a multiple of 27?
False
Suppose -m + 350 = 4*m. Suppose 2*f = f + m. Is f a multiple of 10?
True
Suppose -2*d = -33 + 29. Let b(i) = -16*i - 2. Let x(w) = w. Let l(g) = -b(g) + 12*x(g). Is 12 a factor of l(d)?
False
Is (-16)/40*5 - -395 a multiple of 131?
True
Let x(m) = 11*m**2 + 5*m - 8. Let g be x(4). Suppose -192*r + g*r + 440 = 0. Is 11 a factor of r?
True
Suppose 3*l - 16 = -2*l + 2*q, 5*q = l + 6. Let t be (2/l)/((-4)/(-96)). Suppose -w = w - t. Does 3 divide w?
True
Suppose 342 = 27*g - 225. Is 3 a factor of g?
True
Let c be ((-4)/(-12))/(2/60). Is 15 a factor of (-4)/c - 15498/(-70)?
False
Suppose -2*b + 2*j - 262 = 0, 2*j + 6 = 4. Does 11 divide ((-1)/9*3)/(2/b)?
True
Does 22 divide (-1310)/10*(-2 + (-2 - 13))?
False
Let i = 12 - 0. Suppose i*m - 18 = 11*m. Is 18 a factor of m?
True
Let z(f) = -f**3 - 70*f**2 - 83*f + 429. Is z(-69) a multiple of 85?
False
Let k(i) = -2*i + 9. Let s be k(2). Suppose s*r = 10*r - 600. Does 20 divide r?
True
Let w(o) = 4*o**3 - 2*o + 1. Let i be w(1). Suppose -2*s + i*s - 25 = 0. Does 10 divide s?
False
Let y(g) = 12*g. Let b be y(11). Suppose -x + b = -w - 30, 3*x - 479 = -4*w. Does 15 divide x?
False
Let o = -116 + 171. Is o a multiple of 5?
True
Suppose 4*i = -5*s + 36, i - 5*s = 6*i - 40. Let v(b) = -2*b + 10. Let k be v(i). Suppose -t + 123 = k*t. Is 26 a factor of t?
False
Let i(b) = 19*b**2 + 7*b + 8. Is i(7) a multiple of 52?
True
Let i(x) be the third derivative of -x**6/120 - x**5/30 - x**4/6 + 4*x**3/3 + 2*x**2 + 5*x. Is 14 a factor of i(-4)?
True
Suppose 0 = m - 4, -2*o = 3*o + 5*m - 10. Let s(l) = -5*l**3 - 4*l**2 + 3*l + 3. Is 2 a factor of s(o)?
False
Is 105/2*2132/123 + -7 a multiple of 9?
False
Let g = -37 - -24. Does 48 divide (50/g - -4) + 2492/26?
True
Let i be ((-2)/(-4)*2)/(-1). Let f = 277 - 28